3*o = -j + 37, -9 + 14 = -j. What are the prime factors of 756/((-35)/o - -4)?
2, 3, 7
Suppose -21*m - 143 = -34*m. Suppose 11670 - 1880 = m*x. List the prime factors of x.
2, 5, 89
Let c(w) = 3*w**2 + 8*w - 4. Let x be c(-12). Suppose -77*o - x = -79*o. Suppose o - 42 = a. What are the prime factors of a?
2, 31
Let l be ((-8)/(-1) + -1)*-1. Let j be -89*(-2 + (-3 - l) - 3). What are the prime factors of (-4 + -1)*1*j/(-5)?
89
Let u be (-4 + 3)/(20/(-200)). Suppose -6*c + u*c - 4173 = -3*n, 0 = -5*c + 2*n + 5199. List the prime factors of c.
3, 347
Suppose b - 2 = -28. Let o be b/(-8) + 6/8. Suppose 2*g - 22 = -2*v, -42 = -o*g - 4*v + v. List the prime factors of g.
3
Let i = -321 + 327. Suppose -i*r - 1368 = -18*r. List the prime factors of r.
2, 3, 19
Suppose -863 + 34 = -2*n + 5*y, -4*n - y = -1669. What are the prime factors of n?
3, 139
Let o(c) = c**2 - 29*c - 127. Suppose 24*g - 35*g = -539. List the prime factors of o(g).
853
Suppose 2*m = 4*z + 7024, 3*m - 4*z + z = 10533. What are the prime factors of m?
2, 3, 5, 13
Let d = -38 - -39. Let s be d/(-7 - -3 - -3)*0. Let v(y) = y**3 + y**2 + 2*y + 41. What are the prime factors of v(s)?
41
Let t = 22 + -9. Suppose -5765 = -t*j + 10199. Suppose 12*p = -j + 4312. List the prime factors of p.
257
Suppose 0*o - 23410 = -o - 2*i, -2*o = -2*i - 46826. List the prime factors of o.
2, 3, 1951
Suppose -31*t + 584681 = 116*t - 482833. What are the prime factors of t?
2, 3631
Suppose 0 = z - r - 30, 0 = 3*z - r + 2*r - 98. Let p = z + -44. Let o(d) = -4*d + 32. What are the prime factors of o(p)?
2, 5
List the prime factors of ((-13076)/(-16))/((-2)/(-72)) + -7.
2, 7, 11, 191
Let n = 230263 - 157570. What are the prime factors of n?
3, 41, 197
Suppose 136*y - 38998 = 43282. What are the prime factors of y?
5, 11
Let p = 549 + 275. Suppose -p = -3*d + d. List the prime factors of d.
2, 103
Let v = 232 - 176. Suppose 17*z + 42276 = v*z. What are the prime factors of z?
2, 271
Let p(b) = 2149*b - 10969. What are the prime factors of p(15)?
2, 7, 31
Let q be -2*(-27)/(-72)*20/3. List the prime factors of 2 + 0 - (-379 - (-11 - q)).
3, 5
What are the prime factors of (-3 - -388) + (-560)/(-40)?
3, 7, 19
Let l = 9205 + -2519. What are the prime factors of l?
2, 3343
Suppose -3*t - 4*v + 11949 + 14394 = 0, 5*t + 5*v - 43910 = 0. What are the prime factors of t?
5, 7, 251
Suppose -15*d - 18228 = -8*d. Let n = d - -3915. List the prime factors of n.
3, 19, 23
Let a be -156*75/(-60)*(-14)/5. Let g = -313 - a. What are the prime factors of g?
233
Suppose 6*d - 30378 = 5*y, -2*d - 7*y + 3*y = -10160. List the prime factors of d.
2, 7, 181
What are the prime factors of ((-1 + 0)*-23963)/((-310)/(-310))?
31, 773
Let g(h) = 10*h**2 + 62*h + 1665. What are the prime factors of g(-43)?
17489
Let i(z) = -27*z + 22. Let h be i(7). Let u = h - -340. Suppose 8*x - 1219 - u = 0. What are the prime factors of x?
2, 3, 29
Let i = -131 + 5333. List the prime factors of i.
2, 3, 17
Suppose 4*l - 26 = l + 2*r, -6 = -3*l - 3*r. List the prime factors of 279/(l/(-15) + (-138)/(-120)).
2, 3, 31
Let o = 22155 - 15931. List the prime factors of o.
2, 389
Let f = 15331 - 6398. What are the prime factors of f?
8933
Let z = -18 + -11. Let s = z - 4. What are the prime factors of 7/(-3)*s - 4?
73
Let x(s) = s**3 - s**2 - 7*s + 6. Let n be x(3). What are the prime factors of 1076 - (n/5 - 22/(-55))?
5, 43
Let h(p) = 4*p**2 + 7*p + 9. Let y(c) = -11*c**2 - 20*c - 27. Let x(r) = -8*h(r) - 3*y(r). Let s be x(-12). List the prime factors of ((-108)/(-10))/(14/s).
3
Suppose -37*r = -28*r. Suppose 2*o = 3*y - 570, 3*y + o = -r*y + 561. List the prime factors of y.
2, 47
Let p(w) = -w**2 - 9*w - 11. Let f = -23 + 17. Let h be p(f). List the prime factors of (-2)/h + 4/56*1964.
2, 5, 7
Let b(l) = -2*l + 22. Let m be b(-18). Suppose -4*x = 8, 0 = 4*d - 3*x + 2*x - m. List the prime factors of 2/d + (-1314)/(-14).
2, 47
Suppose -273032 + 76562 = -52*p + 231750. List the prime factors of p.
3, 5, 61
Let c(h) = 5*h + 0*h - 20 + 1 - h**2. Let x be c(8). Let a = 127 + x. What are the prime factors of a?
2, 3, 7
Let p = 3951 + -67. What are the prime factors of p?
2, 971
Let v = -13506 - -24565. List the prime factors of v.
11059
Let q(c) = 5704*c**2 + 10*c + 5. What are the prime factors of q(-1)?
41, 139
Let g = 163 - 161. Suppose -4*w + 408 = g*s - 672, 3*s = -5*w + 1351. What are the prime factors of w?
269
Suppose -5*q - 15422 - 25307 = -p, 2*p + 5*q = 81473. List the prime factors of p.
2, 3, 31, 73
Suppose 0 = -4*m + 17*m - 39. Suppose -m*h + 1135 = 88. What are the prime factors of h?
349
Suppose -5421745 = -307*q + 59*q + 3068039. What are the prime factors of q?
3, 11411
Suppose 0 = 2*t + 25*t. Suppose 61*b - 38*b - 42688 = t. List the prime factors of b.
2, 29
What are the prime factors of (-175 + -116)*22/(-6)?
11, 97
Let l(k) be the second derivative of -5*k**3 - 80*k**2 + 174*k. List the prime factors of l(-7).
2, 5
Let x = -2988 + 4580. List the prime factors of x.
2, 199
Let z be 0 - 4 - (-2 + 75). Let c = 183 + z. Suppose 4*t = -3*f + 463, -t - 6*f = -2*f - c. What are the prime factors of t?
2, 59
List the prime factors of (18/(-45))/(10/(-197300)).
2, 1973
Let r(w) = -w**3 + 9*w**2 - 7*w + 8. Let c(v) = -7*v**2 - 43*v - 2. Let n be c(-6). Let f be r(n). List the prime factors of f/(8/36 + 14/18).
2, 3, 5
What are the prime factors of 44/(-1254) + (-3767771)/(-399)?
7, 19, 71
Let p = -31278 - -37700. List the prime factors of p.
2, 13, 19
Let j = 185 + -173. Suppose 4*q - j*q = -856. List the prime factors of q.
107
Suppose 17*p - 278134 + 116610 = 97182. What are the prime factors of p?
2, 7, 1087
Suppose -5*h + 31 + 69 = 0. Let k be (-4)/(-6)*(h - 122). Let f = k - -102. List the prime factors of f.
2, 17
Let q = -108 + 195. Suppose 2*w = -3*u + 7 - q, w = 2*u - 40. Let b = -18 - w. What are the prime factors of b?
2, 11
Suppose -10667 = 7*q - 8*q + 2*f, -q - 4*f + 10649 = 0. What are the prime factors of q?
7, 1523
Let p be 0*(-1)/1 + -2. Let i(x) be the third derivative of -x**6/10 - x**5/20 - x**4/8 - x**3 - 2*x**2 + 7. List the prime factors of i(p).
2, 3, 7
Let t(l) = 800*l**3 - 31*l**2 + 123*l - 13. List the prime factors of t(4).
3, 11, 47
Let b = -2717 - -952. Let q = -1192 - b. What are the prime factors of q?
3, 191
Let a = 103247 - 63082. List the prime factors of a.
5, 29, 277
Suppose 70*j - 3*d - 21391 = 66*j, -5*d = 4*j - 21415. List the prime factors of j.
2, 5, 107
Suppose -21*a - 24989 + 99149 = -5*a. What are the prime factors of a?
3, 5, 103
Suppose -5*z = 128*r - 132*r + 239, 2*r = -4*z - 186. Suppose q - 17 = 27. Let h = q - z. List the prime factors of h.
7, 13
Let z be -3 - (-75)/3*5. Suppose -117*i = -z*i - 40. What are the prime factors of 2/8 - -86*(-9)/i?
97
Suppose 130914 = 3*q + 5*c + 37652, 0 = -3*q - 3*c + 93258. List the prime factors of q.
2, 19, 409
Let j be -1*(-6)/9*162. Suppose -2*q - q = -j. Suppose 19 = 5*u - q. List the prime factors of u.
11
Let m(d) = 3*d**2 - 73*d + 27. Let y be m(24). Suppose 0 = -3*v - y*b + 3567, -2*v + 7*b = 8*b - 2376. List the prime factors of v.
1187
Let r(g) = 52*g**2 - 10*g + 14. Let d be r(3). Let n = d + -116. What are the prime factors of n?
2, 3, 7
Suppose -3*o - 2345 = -5*l, -3*o - 2363 = 7*l - 3*l. Let d = 1163 + o. What are the prime factors of d?
2, 3, 7
Suppose 12*p + 11*p = 490703 - 73184. List the prime factors of p.
3, 2017
Let v = -703 + 450. Let l = v - -686. List the prime factors of l.
433
What are the prime factors of 8/(64/104) + 6028?
7, 863
Suppose -4*n + 2*o + 192 = 0, n - 4*o + 18 = 73. Let f = 50 - n. Suppose -f*m - 291 = -2*q, 3*m - 4*m + 561 = 4*q. What are the prime factors of q?
3, 47
Let z = 33216 - 21022. List the prime factors of z.
2, 7, 13, 67
Let m be 18 - (5 - 3 - 1). Suppose 0 = 6*j - m*j + 649. What are the prime factors of j?
59
Let r(c) = 3*c**3 - 12*c**2 - 19*c + 1. Let q(l) = l**3 + l + 1. Let n(u) = 4*q(u) - r(u). List the prime factors of n(-9).
3, 13
Let a(o) = -20*o + 245. Let r be a(12). Suppose 0 = r*g + h - 1412, -678 = -3*g + 2*h + 177. What are the prime factors of g?
283
Suppose -6*q - 4*d = -3*q + 18, 5*q + 2*d + 16 = 0. Let p(u) = -30*u + 23 + 8 - 30. List the prime factors of p(q).
61
Let y(n) be the thir